alculate the greatest common divisor of 22464 and 128.
64
What is the greatest common divisor of 300 and 420?
60
What is the greatest common divisor of 26 and 1027?
13
What is the greatest common divisor of 1078 and 98?
98
What is the greatest common divisor of 1890 and 70?
70
Calculate the greatest common divisor of 32 and 1584.
16
What is the highest common divisor of 12665 and 85?
85
What is the highest common factor of 52 and 21983?
13
What is the greatest common factor of 10 and 105?
5
Calculate the greatest common divisor of 219 and 2555.
73
Calculate the greatest common factor of 324 and 84.
12
Calculate the highest common divisor of 191 and 9168.
191
Calculate the highest common factor of 7 and 553.
7
Calculate the greatest common divisor of 81 and 1.
1
Calculate the highest common divisor of 7 and 1099.
7
Calculate the highest common divisor of 140 and 60.
20
Calculate the greatest common divisor of 266 and 247.
19
Calculate the highest common divisor of 3648 and 285.
57
Calculate the greatest common factor of 3034 and 410.
82
What is the greatest common divisor of 376 and 56?
8
Calculate the greatest common factor of 100 and 450.
50
Calculate the highest common divisor of 234 and 143.
13
What is the greatest common factor of 14 and 882?
14
What is the highest common factor of 20 and 160?
20
What is the highest common divisor of 13761 and 99?
99
Calculate the highest common factor of 1989 and 17.
17
Calculate the highest common divisor of 768 and 12.
12
What is the highest common divisor of 4 and 316?
4
What is the highest common divisor of 2 and 4?
2
Calculate the greatest common divisor of 108 and 4.
4
What is the highest common factor of 160 and 310?
10
What is the highest common divisor of 8 and 2?
2
Calculate the highest common divisor of 46 and 4117.
23
Calculate the highest common divisor of 243 and 99.
9
What is the highest common factor of 1539 and 57?
57
Calculate the greatest common divisor of 104 and 16.
8
Calculate the greatest common divisor of 72 and 936.
72
Calculate the highest common factor of 165 and 4895.
55
Calculate the greatest common factor of 70 and 238.
14
What is the greatest common factor of 37744 and 7?
7
Calculate the greatest common factor of 2667 and 63.
21
Calculate the highest common divisor of 75 and 1200.
75
What is the greatest common factor of 81 and 3537?
27
What is the greatest common divisor of 208 and 676?
52
What is the greatest common divisor of 459 and 36873?
153
Calculate the greatest common factor of 153 and 323.
17
Calculate the highest common factor of 171 and 7467.
57
What is the highest common factor of 1136 and 16?
16
Calculate the highest common factor of 2691 and 234.
117
Calculate the highest common divisor of 74 and 174.
2
Calculate the highest common factor of 56 and 5649.
7
What is the greatest common divisor of 875 and 28?
7
What is the highest common factor of 3445 and 65?
65
Calculate the greatest common factor of 84023 and 73.
73
What is the greatest common divisor of 70 and 45?
5
What is the highest common divisor of 77805 and 19?
19
Calculate the highest common factor of 14 and 9037.
7
Calculate the greatest common factor of 1728 and 81.
27
Calculate the greatest common factor of 15 and 3.
3
Calculate the greatest common factor of 2397 and 564.
141
What is the greatest common divisor of 297 and 7689?
33
Calculate the greatest common factor of 72 and 3648.
24
Calculate the greatest common factor of 117 and 2613.
39
What is the highest common divisor of 20 and 295?
5
What is the greatest common divisor of 33 and 12?
3
What is the highest common divisor of 36 and 1172?
4
What is the greatest common divisor of 136 and 19142?
34
What is the highest common factor of 530 and 1166?
106
Calculate the highest common divisor of 1 and 1.
1
What is the highest common divisor of 3164 and 28?
28
What is the highest common factor of 2200 and 25?
25
What is the greatest common divisor of 39 and 5109?
39
Calculate the greatest common factor of 210 and 19614.
42
Calculate the greatest common divisor of 1110 and 60.
30
Calculate the highest common factor of 200 and 7300.
100
What is the greatest common divisor of 69 and 529?
23
What is the highest common factor of 78 and 299?
13
Calculate the greatest common divisor of 98 and 11858.
98
Calculate the highest common divisor of 22 and 231.
11
Calculate the highest common factor of 132 and 66.
66
Calculate the highest common factor of 1218 and 231.
21
What is the highest common factor of 675 and 600?
75
What is the highest common divisor of 70 and 3920?
70
What is the greatest common divisor of 28 and 14882?
14
What is the greatest common divisor of 139 and 1807?
139
Calculate the greatest common divisor of 16 and 56.
8
Calculate the highest common divisor of 848 and 16.
16
Calculate the greatest common divisor of 14 and 2555.
7
What is the greatest common factor of 1763 and 43?
43
What is the greatest common factor of 12 and 66?
6
Calculate the greatest common factor of 66703 and 91.
91
What is the highest common divisor of 28 and 2492?
28
Calculate the highest common factor of 1248 and 320.
32
What is the greatest common divisor of 3443 and 55?
11
Calculate the highest common factor of 3726 and 54.
54
What is the greatest common divisor of 95 and 25?
5
Calculate the highest common factor of 6237 and 14.
7
What is the highest common divisor of 128 and 1?
1
What is the highest common divisor of 480 and 576?
96
Calculate the highest common factor of 21 and 77.
7
What is the highest common factor of 309 and 1339?
103
Calculate the highest common factor of 435 and 50.
5
What is the greatest common factor of 372 and 9486?
186
Calculate the greatest common factor of 224 and 14.
14
What is the highest common factor of 93 and 3?
3
What is the greatest common factor of 2 and 1?
1
What is the highest common divisor of 55 and 143?
11
Calculate the greatest common factor of 190 and 418.
38
What is the greatest common divisor of 32 and 256?
32
What is the greatest common factor of 27 and 5679?
9
Calculate the greatest common factor of 74 and 3071.
37
What is the highest common factor of 988 and 95?
19
What is the highest common factor of 156 and 416?
52
Calculate the greatest common factor of 3100 and 100.
100
What is the highest common factor of 14 and 1106?
14
Calculate the highest common divisor of 3950 and 50.
50
What is the greatest common factor of 52 and 988?
52
Calculate the greatest common factor of 312 and 702.
78
What is the greatest common divisor of 56 and 504?
56
Calculate the greatest common factor of 176 and 198.
22
What is the highest common factor of 814 and 22?
22
What is the highest common divisor of 230 and 46?
46
Calculate the greatest common factor of 782 and 46.
46
Calculate the highest common divisor of 10 and 1545.
5
Calculate the greatest common divisor of 296 and 555.
37
Calculate the highest common factor of 75 and 95.
5
Calculate the greatest common factor of 325 and 25.
25
What is the highest common factor of 35 and 85?
5
What is the highest common divisor of 480 and 1290?
30
What is the greatest common factor of 475 and 665?
95
Calculate the highest common divisor of 175 and 25.
25
What is the greatest common factor of 18 and 318?
6
Calculate the highest common factor of 92 and 92.
92
Calculate the greatest common divisor of 18 and 8.
2
What is the greatest common divisor of 1014 and 52?
26
Calculate the greatest common factor of 10 and 30.
10
Calculate the greatest common factor of 22 and 451.
11
Calculate the greatest common divisor of 4158 and 10962.
378
What is the greatest common factor of 162 and 132?
6
What is the highest common factor of 4 and 68?
4
Calculate the highest common divisor of 240 and 48.
48
Calculate the highest common factor of 375 and 700.
25
Calculate the greatest common factor of 1212 and 1111.
101
What is the highest common factor of 2035 and 370?
185
What is the highest common divisor of 189 and 105?
21
What is the highest common factor of 8358 and 42?
42
What is the highest common divisor of 1782 and 726?
66
What is the highest common factor of 1088 and 34?
34
Calculate the greatest common divisor of 2403 and 5073.
267
Calculate the greatest common factor of 144 and 18.
18
Calculate the highes